 What is the units digit of c(-8)?
9
Let q(n) = -n**3 - 23*n**2 - 31*n - 72. Let z = 291 - 314. What is the units digit of q(z)?
1
Suppose 19 + 9 = 4*r. Let g be (-56)/98*(27/(-6) - -1). Suppose -25 = g*s - r*s. What is the units digit of s?
5
Suppose -298*r + 1857476 = -88762. What is the units digit of r?
1
Let k(m) = -140*m**2 + 11*m + 5. Let x(l) = -142*l**2 + 10*l + 4. Let n(c) = 4*k(c) - 5*x(c). What is the units digit of n(1)?
4
Suppose -12*r + r = -55. Suppose 3*u + 3*x = 12, -1 - 15 = -u - r*x. What is the units digit of u?
1
Suppose 142*m - 81*m - 183 = 0. Let o be (1 + (-17 - -1))/(-1). Suppose -5*a = -o, m*a + 66 = 2*x + 19. What is the tens digit of x?
2
Suppose 0 = v + 336 - 1272. Suppose 4 = -4*b - 12, v = -5*w + b. Let g = -82 - w. What is the tens digit of g?
0
Let b = 181 - 176. Suppose b*q - 8*q = -651. What is the tens digit of q?
1
What is the tens digit of (-7003115)/(-385) - 3/(-33)?
9
Let l be (-3 - -9)/(-3) - -2. Suppose 0 = -2*h + 6, 2*b + 2*b + 3*h - 21 = l. Suppose -4*d = -b*g - 237, -4*g + g + 63 = d. What is the tens digit of d?
6
Suppose -3*n + 19462 = x, 3*n - 103948 = -4*x - 26154. What is the hundreds digit of x?
4
Let o = -36 - -41. Suppose o*r = -2*k + 2400, 4*r - 5*r = -5*k - 453. What is the units digit of r?
8
Let n(m) = 258*m - 129. Suppose 0 = x - 5*o + 22, 2*x + 2*x = -5*o + 37. What is the hundreds digit of n(x)?
6
Let r(x) be the first derivative of x**3/3 + x**2 - 4*x - 12. Let b be r(4). Suppose 2*a - i - 46 = 101, 0 = 4*i + b. What is the units digit of a?
1
Suppose 2*t + 4472 = 3*a + 3*t, 2*a - 2983 = t. Let d = a + -872. What is the hundreds digit of d?
6
Let g = 351 + -340. Suppose g*r = -4*x + 9*r + 1666, 5*x - 2055 = 3*r. What is the hundreds digit of x?
4
Suppose 26*d = 21*d + 65. Suppose -d*q + 28 = q. Suppose q*u = -u + 582. What is the hundreds digit of u?
1
Let h be (-3392)/40*15/(-6). Suppose 39 = -2*r - 3*y - h, 0 = r - y + 113. Let n = 200 + r. What is the tens digit of n?
8
Suppose -2*d + 0*d = 5*q - 241, 5*d + 206 = 4*q. Let f = q + 289. What is the tens digit of f?
3
Suppose 13073 = 5*z - h - 35348, 4*h = -z + 9701. What is the hundreds digit of z?
6
Let r be (-9538)/10 + (-41)/205. Let c = -592 - r. What is the tens digit of c?
6
Suppose -14*c + 5074 = 29*c. Let m = c + 254. What is the hundreds digit of m?
3
What is the tens digit of 1 + 1 - (-9129 - 609/21)?
6
What is the ten thousands digit of (97616/14)/(13/35 + (-333)/1110)?
9
What is the units digit of ((-4)/(-29))/(3 + -5) - (-2624392)/116?
4
Let v(p) = 376*p + 15. Let f(s) = 1130*s + 46. Let g(r) = 3*f(r) - 10*v(r). What is the thousands digit of g(-3)?
1
What is the hundreds digit of ((-98307)/18)/((-3)/1*(-8)/(-32))?
2
Let t(k) = 441*k**2 + 12*k - 53. What is the tens digit of t(4)?
5
Let m = -25 + 30. Suppose 5*a - 2*r = 21, 5*r - 8 = 2. Suppose 3*n + a*w - 178 = -n, m*n - 3*w = 204. What is the tens digit of n?
4
What is the tens digit of 79/((38 - 34) + (-6429)/1608)?
4
Let h = -123 + 185. Suppose h*z - 31420 = 42*z. What is the thousands digit of z?
1
Let o be (-11 - -12)/(1/9054). Suppose 4*i + a - o = -a, -a + 9055 = 4*i. What is the tens digit of i/12 - 6/9?
8
Suppose -5*q + 253071 = 7*l, 127*q - 131*q + 4*l + 202476 = 0. What is the units digit of q?
7
Let p(w) = -w + 14. Let o be p(12). What is the hundreds digit of 327*(6/(-4)*o + 4)?
3
Let u = 9919 + -4542. What is the units digit of u?
7
Let x(s) = 26*s**2 + 19*s + 311. What is the thousands digit of x(32)?
7
Suppose 52*t - 35 = 47*t. Suppose 13*y - t*y - 468 = 0. Suppose -348 = -6*i + y. What is the tens digit of i?
7
Let n(f) = 43*f - 42. Let i = 206 - 189. What is the hundreds digit of n(i)?
6
Let a(h) = 17*h**3 - 20*h**2 + 14*h + 101. What is the units digit of a(9)?
0
What is the ten thousands digit of (1288/126 - (13 + -3)) + (-397220)/(-18)?
2
Suppose 80*x - 197455 = -35*x. What is the thousands digit of x?
1
Let c = 278 - 275. Suppose -4*o + 651 + 809 = c*w, -5*w + o + 2418 = 0. What is the tens digit of w?
8
Suppose 0 - 33 = -11*n. Suppose 5*l - 969 = -c, -7*l + 3*c + 760 = -n*l. What is the hundreds digit of l?
1
Suppose 15*a = 10*a + 3260. Let k = a - -38. What is the tens digit of k?
9
Let j(o) be the third derivative of o**4/3 - o**3/3 - 41*o**2. Let q be j(2). What is the tens digit of (-13)/(273/(-6)) - (-598)/q?
4
Let u = 62 - 61. Let s = 3 + u. What is the units digit of (62/s)/(5/30)?
3
Let i(g) = 512*g**2 + 789*g**2 - 1 - 231*g**2 - 106*g**2. What is the hundreds digit of i(1)?
9
Suppose 68 = 4*a + 2*y, 2*y = 3*a + 7*y - 58. Suppose 2*s = a*s - 1358. What is the units digit of s?
7
Suppose 2 = 2*g, -74916 - 91308 = -3*a + 3*g. What is the ten thousands digit of a?
5
Let w be -1 + -2 + 169 + (8 - 6). Let a be (4 - 8)/(2/4). What is the tens digit of (-665)/a + (-21)/w?
8
Suppose 12098 = 6*c + 40*c. What is the tens digit of c?
6
Let j(x) = -2*x - 24. Let b be j(-14). Let q = b + -1. Suppose 21 = q*f - 0*f. What is the units digit of f?
7
Let j be 26 + (1 - 2) - (-6)/2. Let y = j + -23. Suppose y*f - u - 242 = 0, 0 = f - 3*u - 27 - 27. What is the units digit of f?
8
Suppose 3*r - 25969 = -704*o + 702*o, 4*o + 2*r - 51958 = 0. What is the tens digit of o?
9
Suppose s - 3*s - 37 = -5*w, 26 = -s + 5*w. What is the hundreds digit of (32/(-12))/(s/(42405/10))?
0
Suppose 36*r - 41*r + 39315 = 5*a, a + 15705 = 2*r. What is the hundreds digit of r?
8
Let q = -45 + 68. Suppose -2*v + 47 = -q. What is the tens digit of v?
3
Let f be (-2 - -26)*(-60)/48. Let s be 6/5*f/4. Let z(k) = -6*k + 21. What is the units digit of z(s)?
5
Let b = 5488 + -2348. Suppose -6*z + b = 542. Suppose 0 = 5*v + 8*a - 6*a - z, 3*v - 2*a - 263 = 0. What is the units digit of v?
7
Suppose -31*h = -48*h + 170. Suppose 0 = -c + h + 506. What is the units digit of c?
6
Suppose 2*c - 17 = -v + 7*c, 3*v - 12 = 2*c. Let z be v/(30/123) - 2/10. Suppose z*p - 13*p = -25. What is the units digit of p?
5
What is the tens digit of (0 - 22345)/(-16 - 341/(-22))?
9
Let v(q) = 26*q**3 - 3*q**2 - q - 1. Let b be v(3). Let p = -450 + b. What is the hundreds digit of p?
2
Let n = 12097 + -9734. What is the hundreds digit of n?
3
Suppose 0 = -4*o - 9 - 75. Let z = -10 - o. Let k(n) = -n**3 + 12*n**2 - 3*n - 2. What is the units digit of k(z)?
6
Suppose 4*j + 2*q - 18446 - 25764 = 0, 0 = -2*j - 5*q + 22093. What is the units digit of j?
4
Suppose 2*w - 1477*z - 137044 = -1482*z, -136996 = -2*w + z. What is the thousands digit of w?
8
Suppose -12*b = -18*b + 18. Suppose -4*g = b*p - 329, -9*p = -14*p - g + 520. What is the hundreds digit of p?
1
Suppose 11*k + 2*k - 65 = 0. Suppose k*j - 5*c = 65, 0*j + j = -c + 13. What is the units digit of (j/2)/((-8)/(-16))?
3
Suppose -4*y - 2*x = -80018, -64*x = -5*y - 59*x + 100030. What is the thousands digit of y?
0
Let q be 0*1/6*-2. Suppose q*b - b = -28. Suppose 72 = 2*l - v + 16, 3*v = -l + b. What is the tens digit of l?
2
Let m be (-2)/(-15)*5*2*843. Let y = m - 612. What is the hundreds digit of y?
5
Let k(j) = 7825*j - 3603. What is the tens digit of k(3)?
7
Let n(d) = d**2 - 6*d - 33. Let q be n(10). Suppose 5*k = q*k - 100. Let t = 100 - k. What is the tens digit of t?
5
Suppose 7*l + 136105 = 5*y + 2*l, -2*y = 4*l - 54436. What is the units digit of 2/14 - y/(-70)?
9
Let x = -20436 + 38061. What is the units digit of x?
5
Let x be (14/(-21))/((-4)/582). Suppose 5*d = 2*f + 485, -f - 2*f = d - x. Suppose -3*l + 11 = -d. What is the tens digit of l?
3
Suppose -344 = -26*d + 124. Let b(u) = u**3 - 16*u**2 - 3*u + 29. What is the units digit of b(d)?
3
Suppose 28 = 4*q - 4*n, -2*q + 5*n - 1 = -12. Let o = 386 + q. What is the hundreds digit of o?
3
What is the hundreds digit of (-115310)/(-14) + (3408/(-6384) - 4/(-38))?
2
Let h = 17916 + -9572. What is the units digit of h?
4
Suppose -16*p - 13*p + 505912 + 95432 = 0. What is the hundreds digit of p?
7
Let c = 4036 - 249. What is the tens digit of c?
8
What is the hundreds digit of 2280 + (20 + -8 - 5) + 4?
2
Let l(m) = -1 - 3*m**2 + 25*m - 2*m**3 + 32*m**2 - 32*m**2. What is the tens digit of l(-7)?
6
Let n = 92068 - 56945. What is the tens digit of n?
2
Let r(v) = 5*v**2 - 424*v - 309. What is the hundreds digit of r(99)?
7
Let g = 20805 + -5052. What is the ten thousands digit of g?
1
Let